{"id":36,"date":"2024-01-12T05:32:57","date_gmt":"2024-01-12T04:32:57","guid":{"rendered":"https:\/\/nelsonrazo.com\/nutricion\/?page_id=36"},"modified":"2024-04-27T21:48:12","modified_gmt":"2024-04-27T19:48:12","slug":"aviso-privacidad","status":"publish","type":"page","link":"https:\/\/nelsonrazo.com\/nutricion\/aviso-privacidad\/","title":{"rendered":"Aviso de Privacidad"},"content":{"rendered":"\n<p>Mi sitio web es: <a href=\"https:\/\/nelsonrazo.com\/nutricion\">https:\/\/nelsonrazo.com\/nutricion<\/a> (Nelson Razo Nutrici\u00f3n).<\/p>\n\n\n\n<p>Nelson Razo es el responsable del tratamiento de los datos personales que proporciones, los cuales ser\u00e1n protegidos conforme a lo dispuesto por la Ley General de Protecci\u00f3n de Datos Personales en Posesi\u00f3n de Sujetos Obligados, y dem\u00e1s normatividad mexicana que resulte aplicable.<\/p>\n\n\n\n<p><strong>Nelson Razo Nutrici\u00f3n,<\/strong> accesible en <a href=\"www.nelsonrazo.com\/nutricion\">www.nelsonrazo.com\/nutricion<\/a>, una de las principales prioridades es la privacidad de sus visitantes. Este documento de Aviso de privacidad contiene tipos de informaci\u00f3n que NelsonRazo.Com\/Nutrici\u00f3n recopila y registra y c\u00f3mo se utiliza.<\/p>\n\n\n\n<p>Si tienes preguntas adicionales o requieres m\u00e1s informaci\u00f3n sobre esta Pol\u00edtica de Privacidad, no dudes en contactarme por correo electr\u00f3nico a <a href=\"mailto:nutricion@nelsonrazo.com\">nutricion@nelsonrazo.com<\/a>.<\/p>\n\n\n\n<h3 class=\"wp-block-heading\">Archivos de registro<\/h3>\n\n\n\n<p>NelsonRazo.Com\/Nutricion sigue un procedimiento est\u00e1ndar de uso de archivos de registro. Estos archivos registran a los visitantes cuando visitan sitios web. Todas las empresas de hosting hacen esto y son parte del an\u00e1lisis de los servicios de hosting. La informaci\u00f3n recopilada por los archivos de registro incluye direcciones de protocolo de Internet (IP), tipo de navegador, proveedor de servicios de Internet (ISP), marca de fecha y hora, p\u00e1ginas de referencia\/salida y posiblemente la cantidad de clics. Estos no est\u00e1n vinculados a ninguna informaci\u00f3n que sea de identificaci\u00f3n personal. El prop\u00f3sito de la informaci\u00f3n es analizar tendencias, administrar el sitio, rastrear el movimiento de los usuarios en el sitio web y recopilar informaci\u00f3n demogr\u00e1fica.<\/p>\n\n\n\n<h3 class=\"wp-block-heading\">Cookies y Web Beacons<\/h3>\n\n\n\n<p>Como cualquier otro sitio web, <strong>Nelson Razo Nutrici\u00f3n<\/strong> utiliza \u00abcookies\u00bb. Estas cookies se utilizan para almacenar informaci\u00f3n, incluidas las preferencias de los visitantes y las p\u00e1ginas del sitio web a las que el visitante accedi\u00f3 o visit\u00f3. La informaci\u00f3n se utiliza para optimizar la experiencia de los usuarios personalizando el contenido de nuestra p\u00e1gina web seg\u00fan el tipo de navegador de los visitantes y\/u otra informaci\u00f3n.<\/p>\n\n\n\n<p>Si dejas un comentario en este sitio, puedes optar por guardar tu nombre, direcci\u00f3n de correo electr\u00f3nico y sitio web en cookies. Esto es para tu comodidad para que no tengas que volver a completar tus datos cuando dejes otro comentario. Estas cookies tendr\u00e1n una duraci\u00f3n de un a\u00f1o.<\/p>\n\n\n\n<p>Si visitas la p\u00e1gina de inicio de sesi\u00f3n, se configurar\u00e1 una cookie temporal para determinar si tu navegador acepta cookies. Esta cookie no contiene datos personales y se descarta al cerrar el navegador.<\/p>\n\n\n\n<p>Cuando inicies sesi\u00f3n, tambi\u00e9n se configuran varias cookies para guardar tu informaci\u00f3n de inicio de sesi\u00f3n y sus opciones de visualizaci\u00f3n de pantalla. Las cookies de inicio de sesi\u00f3n duran dos d\u00edas y las cookies de opciones de pantalla duran un a\u00f1o. Si seleccionas \u00abRecordarme\u00bb, su inicio de sesi\u00f3n persistir\u00e1 durante dos semanas. Si cierras sesi\u00f3n en su cuenta, se eliminar\u00e1n las cookies de inicio de sesi\u00f3n.<\/p>\n\n\n\n<h3 class=\"wp-block-heading\">Plataformas publicitarias de terceros<\/h3>\n\n\n\n<p><strong>Nelson Razo Nutrici\u00f3n<\/strong> utiliza plataformas publicitarias de terceros, como Google Ads y Facebook, para promocionar algunos contenidos. Estas plataformas pueden utilizar cookies, web beacons u otras tecnolog\u00edas para recopilar informaci\u00f3n sobre su comportamiento de navegaci\u00f3n y mostrarte anuncios que sean relevantes para tus intereses. No tengo acceso ni control sobre estas cookies que utilizan los anunciantes externos.<\/p>\n\n\n\n<h3 class=\"wp-block-heading\">Mis socios publicitarios<\/h3>\n\n\n\n<p>No tengo otros socios publicitarios adem\u00e1s de las plataformas publicitarias de terceros.<\/p>\n\n\n\n<h3 class=\"wp-block-heading\">Pol\u00edticas de privacidad de terceros<\/h3>\n\n\n\n<p>Puedes consultar las respectivas Pol\u00edticas de Privacidad de estos servidores de anuncios de terceros para obtener informaci\u00f3n m\u00e1s detallada sobre sus pr\u00e1cticas, as\u00ed como para obtener instrucciones sobre c\u00f3mo excluirte de ciertas pr\u00e1cticas. La pol\u00edtica de privacidad de <strong>Nelson Razo Nutrici\u00f3n<\/strong> no se aplica y no puedo controlar las actividades de dichos otros anunciantes o sitios web.<\/p>\n\n\n\n<h3 class=\"wp-block-heading\">Informaci\u00f3n para ni\u00f1os<\/h3>\n\n\n\n<p>Otra prioridad de <strong>Nelson Razo Nutrici\u00f3n<\/strong> es agregar protecci\u00f3n para los ni\u00f1os mientras usan Internet. Alentamos a los padres y tutores a observar, participar y\/o monitorear y guiar su actividad en l\u00ednea.<\/p>\n\n\n\n<p><strong>Nelson Razo Nutrici\u00f3n <\/strong>no recopila conscientemente ninguna informaci\u00f3n de identificaci\u00f3n personal de ni\u00f1os menores de 13 a\u00f1os. Si crees que tu hijo(a) proporcion\u00f3 este tipo de informaci\u00f3n en nuestro sitio web, te recomendamos encarecidamente que te comuniques de inmediato y har\u00e9 mi mejor esfuerzo para eliminar r\u00e1pidamente dicha informaci\u00f3n de los registros de este sitio.<\/p>\n\n\n\n<h3 class=\"wp-block-heading\">Recopilaci\u00f3n de datos de suscripci\u00f3n voluntaria<\/h3>\n\n\n\n<p><strong>Nelson Razo Nutrici\u00f3n <\/strong>recopila datos cuando los usuarios optan por recibir una gu\u00eda o un minicurso gratuito o se unen a la agenda o lista de espera para consulta. Se recopila informaci\u00f3n personal como nombre, direcci\u00f3n de correo electr\u00f3nico e informaci\u00f3n de salud para brindar una experiencia personalizada a los usuarios. No se vende ni renta esta informaci\u00f3n a ning\u00fan tercero. La informaci\u00f3n recopilada se utiliza para el mantenimiento de registros internos, para mejorar productos y servicios y para contactar a los usuarios con fines de marketing de mis servicios de salud nutricional.<\/p>\n\n\n\n<h3 class=\"wp-block-heading\">Comentarios<\/h3>\n\n\n\n<p>Cuando los visitantes dejan comentarios en el sitio, se recopilan los datos que se muestran en el formulario de comentarios, y tambi\u00e9n la direcci\u00f3n IP del visitante y la cadena de agente de usuario del navegador para ayudar a la detecci\u00f3n de spam.<\/p>\n\n\n\n<p>Es posible que se proporcione al servicio Gravatar una cadena an\u00f3nima creada a partir de tu direcci\u00f3n de correo electr\u00f3nico (tambi\u00e9n llamada hash) para ver si la est\u00e1 utilizando. La pol\u00edtica de privacidad del servicio Gravatar est\u00e1 disponible aqu\u00ed: <a href=\"https:\/\/automattic.com\/privacy\/\">https:\/\/automattic.com\/privacy\/<\/a>. Despu\u00e9s de la aprobaci\u00f3n de tu comentario, tu foto de perfil ser\u00e1 visible para el p\u00fablico en el contexto de tu comentario.<\/p>\n\n\n\n<p>Los comentarios de los visitantes pueden verificarse a trav\u00e9s de un servicio automatizado de detecci\u00f3n de spam.<\/p>\n\n\n\n<h3 class=\"wp-block-heading\">Consentimiento<\/h3>\n\n\n\n<p>Al utilizar nuestro sitio web, por la presente aceptas este Aviso de Privacidad y aceptas los<a href=\"https:\/\/nelsonrazo.com\/nutricion\/terminos-de-uso\/\" data-type=\"page\" data-id=\"63\"> T\u00e9rminos de Uso<\/a>.<\/p>\n\n\n\n<h3 class=\"wp-block-heading\">Informaci\u00f3n de identificaci\u00f3n personal<\/h3>\n\n\n\n<p>Se puede recopilar informaci\u00f3n de identificaci\u00f3n personal de los Usuarios de diversas maneras, incluidas, entre otras, cuando los Usuarios visitan nuestro sitio, completan un formulario, conversan con el chatbot y en conexi\u00f3n con otras actividades, servicios, caracter\u00edsticas o recursos que se encuentran a disposici\u00f3n en este Sitio.<\/p>\n\n\n\n<p>Los usuarios pueden visitar este Sitio de forma an\u00f3nima. Se recopilar\u00e1 informaci\u00f3n de identificaci\u00f3n personal de los Usuarios solo si env\u00edan voluntariamente dicha informaci\u00f3n. Los usuarios siempre pueden negarse a proporcionar informaci\u00f3n de identificaci\u00f3n personal, excepto que pueda impedirles participar en ciertas actividades relacionadas con el Sitio, como por ejemplo compartir informaci\u00f3n en la aplicaci\u00f3n de chatbot.<\/p>\n\n\n\n<p>La informaci\u00f3n personal recopilada es utilizada solamente para proporcionar un mejor servicio a los usuarios y no se comparte con terceros.<\/p>\n\n\n\n<h3 class=\"wp-block-heading\">Informaci\u00f3n de identificaci\u00f3n no personal<\/h3>\n\n\n\n<p>Se puede recopilar informaci\u00f3n de identificaci\u00f3n no personal sobre los Usuarios cada vez que interact\u00faan con nuestro Sitio. La informaci\u00f3n de identificaci\u00f3n no personal puede incluir el nombre del navegador, el tipo de computadora e informaci\u00f3n t\u00e9cnica sobre los medios de conexi\u00f3n de los Usuarios a nuestro Sitio, como el sistema operativo y los proveedores de servicios de Internet utilizados y otra informaci\u00f3n similar.<\/p>\n\n\n\n<p>Si subes im\u00e1genes al sitio web, debes evitar subir im\u00e1genes con datos de ubicaci\u00f3n incrustados (GPS EXIF) incluidos. Los visitantes del sitio web podr\u00edan descargar y extraer cualquier dato de ubicaci\u00f3n de las im\u00e1genes del sitio web.<\/p>\n\n\n\n<h3 class=\"wp-block-heading\">Protecci\u00f3n de tu informaci\u00f3n<\/h3>\n\n\n\n<p>Se adoptan pr\u00e1cticas apropiadas de recopilaci\u00f3n, almacenamiento y procesamiento de datos, y medidas de seguridad para proteger contra el acceso no autorizado, alteraci\u00f3n, divulgaci\u00f3n o destrucci\u00f3n de su informaci\u00f3n personal, nombre de usuario, contrase\u00f1a, informaci\u00f3n de transacciones y datos almacenados en nuestro Sitio.<\/p>\n\n\n\n<h3 class=\"wp-block-heading\">Tiempo de conservaci\u00f3n de tus datos<\/h3>\n\n\n\n<p>Si dejas un comentario, el comentario y sus metadatos se conservan indefinidamente. Esto es para que podamos reconocer y aprobar cualquier comentario de seguimiento autom\u00e1ticamente en lugar de mantenerlos en una cola de moderaci\u00f3n.<\/p>\n\n\n\n<p>Para los usuarios que se registran en nuestro sitio web (si los hay), tambi\u00e9n almacenamos la informaci\u00f3n personal que proporcionan en su perfil de usuario. Todos los usuarios pueden ver, editar o eliminar su informaci\u00f3n personal en cualquier momento (excepto que no pueden cambiar su nombre de usuario). Los administradores del sitio web tambi\u00e9n pueden ver y editar esa informaci\u00f3n.<\/p>\n\n\n\n<h3 class=\"wp-block-heading\">Derechos tienes sobre tus datos<\/h3>\n\n\n\n<p>Si tienes una cuenta en este sitio o has dejado comentarios, puedes solicitar recibir un archivo exportado de los datos personales que se almacenan sobre ti, incluidos los datos que nos haya proporcionado. Tambi\u00e9n puedes solicitar eliminaci\u00f3n de cualquier dato personal que tengamos sobre ti. Esto no incluye ning\u00fan dato que estemos obligados a conservar con fines administrativos, legales o de seguridad.<\/p>\n\n\n\n<h3 class=\"wp-block-heading\">Revelaci\u00f3n de informaci\u00f3n<\/h3>\n\n\n\n<p>No se vende, comercializa ni alquila la informaci\u00f3n de identificaci\u00f3n personal de los Usuarios a terceros. Se puede compartir informaci\u00f3n demogr\u00e1fica agregada gen\u00e9rica no vinculada a ninguna informaci\u00f3n de identificaci\u00f3n personal con respecto a visitantes y usuarios con socios comerciales, afiliados confiables y anunciantes.<\/p>\n\n\n\n<h3 class=\"wp-block-heading\">Actualizaciones<\/h3>\n\n\n\n<p>Esta Pol\u00edtica de Privacidad se actualiz\u00f3 por \u00faltima vez el 12 de enero de 2024. Nelson Razo se reserva el derecho de actualizar, cambiar o modificar esta Pol\u00edtica de Privacidad en cualquier momento. Consulta esta p\u00e1gina con regularidad para mantenerte informado sobre cualquier cambio.<\/p>\n\n\n\n<p><\/p>\n","protected":false},"excerpt":{"rendered":"<p>Mi sitio web es: https:\/\/nelsonrazo.com\/nutricion (Nelson Razo Nutrici\u00f3n). Nelson Razo es el responsable del tratamiento de los datos personales que proporciones, los cuales ser\u00e1n protegidos conforme a lo dispuesto por la Ley General de Protecci\u00f3n de Datos Personales en Posesi\u00f3n de Sujetos Obligados, y dem\u00e1s normatividad mexicana que resulte aplicable. Nelson Razo Nutrici\u00f3n, accesible en [&hellip;]<\/p>\n","protected":false},"author":1,"featured_media":0,"parent":0,"menu_order":0,"comment_status":"closed","ping_status":"closed","template":"","meta":{"_themeisle_gutenberg_block_has_review":false,"footnotes":""},"class_list":["post-36","page","type-page","status-publish","hentry"],"yoast_head":"<!-- This site is optimized with the Yoast SEO plugin v27.4 - https:\/\/yoast.com\/product\/yoast-seo-wordpress\/ -->\n<title>Aviso de Privacidad - Nelson Razo | Nutri\u00f3logo<\/title>\n<meta name=\"robots\" content=\"index, follow, max-snippet:-1, max-image-preview:large, max-video-preview:-1\" \/>\n<link rel=\"canonical\" href=\"https:\/\/nelsonrazo.com\/nutricion\/aviso-privacidad\/\" \/>\n<meta property=\"og:locale\" content=\"es_ES\" \/>\n<meta property=\"og:type\" content=\"article\" \/>\n<meta property=\"og:title\" content=\"Aviso de Privacidad - Nelson Razo | Nutri\u00f3logo\" \/>\n<meta property=\"og:description\" content=\"Mi sitio web es: https:\/\/nelsonrazo.com\/nutricion (Nelson Razo Nutrici\u00f3n). Nelson Razo es el responsable del tratamiento de los datos personales que proporciones, los cuales ser\u00e1n protegidos conforme a lo dispuesto por la Ley General de Protecci\u00f3n de Datos Personales en Posesi\u00f3n de Sujetos Obligados, y dem\u00e1s normatividad mexicana que resulte aplicable. Nelson Razo Nutrici\u00f3n, accesible en [&hellip;]\" \/>\n<meta property=\"og:url\" content=\"https:\/\/nelsonrazo.com\/nutricion\/aviso-privacidad\/\" \/>\n<meta property=\"og:site_name\" content=\"Nelson Razo | Nutri\u00f3logo\" \/>\n<meta property=\"article:publisher\" content=\"https:\/\/www.facebook.com\/nelson.razo\" \/>\n<meta property=\"article:modified_time\" content=\"2024-04-27T19:48:12+00:00\" \/>\n<meta name=\"twitter:card\" content=\"summary_large_image\" \/>\n<meta name=\"twitter:site\" content=\"@nelsonrazoa\" \/>\n<meta name=\"twitter:label1\" content=\"Tiempo de lectura\" \/>\n\t<meta name=\"twitter:data1\" content=\"7 minutos\" \/>\n<script type=\"application\/ld+json\" class=\"yoast-schema-graph\">{\"@context\":\"https:\\\/\\\/schema.org\",\"@graph\":[{\"@type\":\"WebPage\",\"@id\":\"https:\\\/\\\/nelsonrazo.com\\\/nutricion\\\/aviso-privacidad\\\/\",\"url\":\"https:\\\/\\\/nelsonrazo.com\\\/nutricion\\\/aviso-privacidad\\\/\",\"name\":\"Aviso de Privacidad - Nelson Razo | Nutri\u00f3logo\",\"isPartOf\":{\"@id\":\"https:\\\/\\\/nelsonrazo.com\\\/nutricion\\\/#website\"},\"datePublished\":\"2024-01-12T04:32:57+00:00\",\"dateModified\":\"2024-04-27T19:48:12+00:00\",\"breadcrumb\":{\"@id\":\"https:\\\/\\\/nelsonrazo.com\\\/nutricion\\\/aviso-privacidad\\\/#breadcrumb\"},\"inLanguage\":\"es\",\"potentialAction\":[{\"@type\":\"ReadAction\",\"target\":[\"https:\\\/\\\/nelsonrazo.com\\\/nutricion\\\/aviso-privacidad\\\/\"]}]},{\"@type\":\"BreadcrumbList\",\"@id\":\"https:\\\/\\\/nelsonrazo.com\\\/nutricion\\\/aviso-privacidad\\\/#breadcrumb\",\"itemListElement\":[{\"@type\":\"ListItem\",\"position\":1,\"name\":\"Portada\",\"item\":\"https:\\\/\\\/nelsonrazo.com\\\/nutricion\\\/\"},{\"@type\":\"ListItem\",\"position\":2,\"name\":\"Aviso de Privacidad\"}]},{\"@type\":\"WebSite\",\"@id\":\"https:\\\/\\\/nelsonrazo.com\\\/nutricion\\\/#website\",\"url\":\"https:\\\/\\\/nelsonrazo.com\\\/nutricion\\\/\",\"name\":\"Nelson Razo | Nutrici\u00f3n\",\"description\":\"Nutri\u00f3logo experto en Salud Metab\u00f3lica en Tecate\",\"publisher\":{\"@id\":\"https:\\\/\\\/nelsonrazo.com\\\/nutricion\\\/#\\\/schema\\\/person\\\/f2a003e98f8f79c1dbbf148cc5f9aede\"},\"alternateName\":\"Nutri\u00f3logo Nelson Razo\",\"potentialAction\":[{\"@type\":\"SearchAction\",\"target\":{\"@type\":\"EntryPoint\",\"urlTemplate\":\"https:\\\/\\\/nelsonrazo.com\\\/nutricion\\\/?s={search_term_string}\"},\"query-input\":{\"@type\":\"PropertyValueSpecification\",\"valueRequired\":true,\"valueName\":\"search_term_string\"}}],\"inLanguage\":\"es\"},{\"@type\":[\"Person\",\"Organization\"],\"@id\":\"https:\\\/\\\/nelsonrazo.com\\\/nutricion\\\/#\\\/schema\\\/person\\\/f2a003e98f8f79c1dbbf148cc5f9aede\",\"name\":\"Nelson Razo\",\"image\":{\"@type\":\"ImageObject\",\"inLanguage\":\"es\",\"@id\":\"https:\\\/\\\/nelsonrazo.com\\\/nutricion\\\/wp-content\\\/uploads\\\/sites\\\/2\\\/2024\\\/01\\\/brn_favicon_logo.png\",\"url\":\"https:\\\/\\\/nelsonrazo.com\\\/nutricion\\\/wp-content\\\/uploads\\\/sites\\\/2\\\/2024\\\/01\\\/brn_favicon_logo.png\",\"contentUrl\":\"https:\\\/\\\/nelsonrazo.com\\\/nutricion\\\/wp-content\\\/uploads\\\/sites\\\/2\\\/2024\\\/01\\\/brn_favicon_logo.png\",\"width\":902,\"height\":901,\"caption\":\"Nelson Razo\"},\"logo\":{\"@id\":\"https:\\\/\\\/nelsonrazo.com\\\/nutricion\\\/wp-content\\\/uploads\\\/sites\\\/2\\\/2024\\\/01\\\/brn_favicon_logo.png\"},\"description\":\"Nutri\u00f3logo enfocado en Salud Metab\u00f3lica y Nutrici\u00f3n Cl\u00ednica. Divulgador de la evidencia en salud y nutrici\u00f3n para la promoci\u00f3n de la salud p\u00fablica. Experto en branding y marketing digital que disfruta del running, la lectura y la investigaci\u00f3n.\",\"sameAs\":[\"https:\\\/\\\/nelsonrazo.com\",\"https:\\\/\\\/www.facebook.com\\\/nelson.razo\",\"https:\\\/\\\/www.instagram.com\\\/nelsonrazo\\\/\",\"https:\\\/\\\/mx.linkedin.com\\\/in\\\/nelsonrazo\",\"https:\\\/\\\/x.com\\\/nelsonrazoa\"]}]}<\/script>\n<!-- \/ Yoast SEO plugin. -->","yoast_head_json":{"title":"Aviso de Privacidad - Nelson Razo | Nutri\u00f3logo","robots":{"index":"index","follow":"follow","max-snippet":"max-snippet:-1","max-image-preview":"max-image-preview:large","max-video-preview":"max-video-preview:-1"},"canonical":"https:\/\/nelsonrazo.com\/nutricion\/aviso-privacidad\/","og_locale":"es_ES","og_type":"article","og_title":"Aviso de Privacidad - Nelson Razo | Nutri\u00f3logo","og_description":"Mi sitio web es: https:\/\/nelsonrazo.com\/nutricion (Nelson Razo Nutrici\u00f3n). Nelson Razo es el responsable del tratamiento de los datos personales que proporciones, los cuales ser\u00e1n protegidos conforme a lo dispuesto por la Ley General de Protecci\u00f3n de Datos Personales en Posesi\u00f3n de Sujetos Obligados, y dem\u00e1s normatividad mexicana que resulte aplicable. Nelson Razo Nutrici\u00f3n, accesible en [&hellip;]","og_url":"https:\/\/nelsonrazo.com\/nutricion\/aviso-privacidad\/","og_site_name":"Nelson Razo | Nutri\u00f3logo","article_publisher":"https:\/\/www.facebook.com\/nelson.razo","article_modified_time":"2024-04-27T19:48:12+00:00","twitter_card":"summary_large_image","twitter_site":"@nelsonrazoa","twitter_misc":{"Tiempo de lectura":"7 minutos"},"schema":{"@context":"https:\/\/schema.org","@graph":[{"@type":"WebPage","@id":"https:\/\/nelsonrazo.com\/nutricion\/aviso-privacidad\/","url":"https:\/\/nelsonrazo.com\/nutricion\/aviso-privacidad\/","name":"Aviso de Privacidad - Nelson Razo | Nutri\u00f3logo","isPartOf":{"@id":"https:\/\/nelsonrazo.com\/nutricion\/#website"},"datePublished":"2024-01-12T04:32:57+00:00","dateModified":"2024-04-27T19:48:12+00:00","breadcrumb":{"@id":"https:\/\/nelsonrazo.com\/nutricion\/aviso-privacidad\/#breadcrumb"},"inLanguage":"es","potentialAction":[{"@type":"ReadAction","target":["https:\/\/nelsonrazo.com\/nutricion\/aviso-privacidad\/"]}]},{"@type":"BreadcrumbList","@id":"https:\/\/nelsonrazo.com\/nutricion\/aviso-privacidad\/#breadcrumb","itemListElement":[{"@type":"ListItem","position":1,"name":"Portada","item":"https:\/\/nelsonrazo.com\/nutricion\/"},{"@type":"ListItem","position":2,"name":"Aviso de Privacidad"}]},{"@type":"WebSite","@id":"https:\/\/nelsonrazo.com\/nutricion\/#website","url":"https:\/\/nelsonrazo.com\/nutricion\/","name":"Nelson Razo | Nutrici\u00f3n","description":"Nutri\u00f3logo experto en Salud Metab\u00f3lica en Tecate","publisher":{"@id":"https:\/\/nelsonrazo.com\/nutricion\/#\/schema\/person\/f2a003e98f8f79c1dbbf148cc5f9aede"},"alternateName":"Nutri\u00f3logo Nelson Razo","potentialAction":[{"@type":"SearchAction","target":{"@type":"EntryPoint","urlTemplate":"https:\/\/nelsonrazo.com\/nutricion\/?s={search_term_string}"},"query-input":{"@type":"PropertyValueSpecification","valueRequired":true,"valueName":"search_term_string"}}],"inLanguage":"es"},{"@type":["Person","Organization"],"@id":"https:\/\/nelsonrazo.com\/nutricion\/#\/schema\/person\/f2a003e98f8f79c1dbbf148cc5f9aede","name":"Nelson Razo","image":{"@type":"ImageObject","inLanguage":"es","@id":"https:\/\/nelsonrazo.com\/nutricion\/wp-content\/uploads\/sites\/2\/2024\/01\/brn_favicon_logo.png","url":"https:\/\/nelsonrazo.com\/nutricion\/wp-content\/uploads\/sites\/2\/2024\/01\/brn_favicon_logo.png","contentUrl":"https:\/\/nelsonrazo.com\/nutricion\/wp-content\/uploads\/sites\/2\/2024\/01\/brn_favicon_logo.png","width":902,"height":901,"caption":"Nelson Razo"},"logo":{"@id":"https:\/\/nelsonrazo.com\/nutricion\/wp-content\/uploads\/sites\/2\/2024\/01\/brn_favicon_logo.png"},"description":"Nutri\u00f3logo enfocado en Salud Metab\u00f3lica y Nutrici\u00f3n Cl\u00ednica. Divulgador de la evidencia en salud y nutrici\u00f3n para la promoci\u00f3n de la salud p\u00fablica. Experto en branding y marketing digital que disfruta del running, la lectura y la investigaci\u00f3n.","sameAs":["https:\/\/nelsonrazo.com","https:\/\/www.facebook.com\/nelson.razo","https:\/\/www.instagram.com\/nelsonrazo\/","https:\/\/mx.linkedin.com\/in\/nelsonrazo","https:\/\/x.com\/nelsonrazoa"]}]}},"jetpack_shortlink":"https:\/\/wp.me\/PfrB9s-A","jetpack_sharing_enabled":true,"_links":{"self":[{"href":"https:\/\/nelsonrazo.com\/nutricion\/wp-json\/wp\/v2\/pages\/36","targetHints":{"allow":["GET"]}}],"collection":[{"href":"https:\/\/nelsonrazo.com\/nutricion\/wp-json\/wp\/v2\/pages"}],"about":[{"href":"https:\/\/nelsonrazo.com\/nutricion\/wp-json\/wp\/v2\/types\/page"}],"author":[{"embeddable":true,"href":"https:\/\/nelsonrazo.com\/nutricion\/wp-json\/wp\/v2\/users\/1"}],"replies":[{"embeddable":true,"href":"https:\/\/nelsonrazo.com\/nutricion\/wp-json\/wp\/v2\/comments?post=36"}],"version-history":[{"count":8,"href":"https:\/\/nelsonrazo.com\/nutricion\/wp-json\/wp\/v2\/pages\/36\/revisions"}],"predecessor-version":[{"id":224,"href":"https:\/\/nelsonrazo.com\/nutricion\/wp-json\/wp\/v2\/pages\/36\/revisions\/224"}],"wp:attachment":[{"href":"https:\/\/nelsonrazo.com\/nutricion\/wp-json\/wp\/v2\/media?parent=36"}],"curies":[{"name":"wp","href":"https:\/\/api.w.org\/{rel}","templated":true}]}}