{"id":643,"date":"2016-03-30T12:37:08","date_gmt":"2016-03-30T20:37:08","guid":{"rendered":"http:\/\/localhost\/nelsonrazo\/?page_id=643"},"modified":"2024-01-17T05:18:04","modified_gmt":"2024-01-17T04:18:04","slug":"terminos-de-uso","status":"publish","type":"page","link":"https:\/\/nelsonrazo.com\/branding\/terminos-de-uso\/","title":{"rendered":"T\u00e9rminos de Uso"},"content":{"rendered":"\n<p class=\"has-small-font-size\">\u00daltima Actualizaci\u00f3n: 16 de enero de 2024.<\/p>\n\n\n\n<p>Favor de leer los T\u00e9rminos de Uso (los \u00abT\u00e9rminos\u00bb) cuidadosamente antes de usar el sitio web <a href=\"http:\/\/www.nelsonrazo.com\/branding\">http:\/\/www.nelsonrazo.com\/branding<\/a> (el \u00abServicio\u00bb) operado por Nelson Razo.<\/p>\n\n\n\n<p>Tu acceso y uso del Servicio est\u00e1 condicionado por tu aceptaci\u00f3n de los siguientes T\u00e9rminos. Estos t\u00e9rminos se aplican a todos los visitantes, usuarios y otros que accesan este Servicio.<\/p>\n\n\n\n<p>Al accesar y usar este servicio aceptas ser regido por estos T\u00e9rminos. Si no aceptas con cualquier parte de los T\u00e9rminos, entonces no debes acceder al Servicio.<\/p>\n\n\n\n<h4 class=\"wp-block-heading\">Cuentas<\/h4>\n\n\n\n<p>Cuando creas una cuenta en este sitio, debes proveer informaci\u00f3n correcta, completa, y actualizada en todo momento. No hacerlo constituye una violaci\u00f3n a los T\u00e9rminos, lo cual puede resultar en la inmediata cancelaci\u00f3n de tu cuenta en nuestro Servicio. La informaci\u00f3n que provees con tu registro de cuenta la tratamos de acuerdo al <a href=\"https:\/\/nelsonrazo.com\/branding\/aviso-de-privacidad\/\" data-type=\"page\" data-id=\"641\">Aviso de Privacidad<\/a>.<\/p>\n\n\n\n<p>Eres responsable de guardar la contrase\u00f1a que utilizas para accesar al Servicio y de cualquier actividad y acciones llevadas a cabo utilizando dicha contrase\u00f1a, ya sea que tu contrase\u00f1a se encuentre en este Servicio o en un Servicio de terceros.<\/p>\n\n\n\n<p>Aceptas no dar a conocer tu contrase\u00f1a a ninguna otra persona. Debes notificarme inmediatamente al darte cuenta de cualquier tipo de violaci\u00f3n de seguridad o uso no autorizado de tu cuenta.<\/p>\n\n\n\n<h4 class=\"wp-block-heading\">V\u00ednculos a otros Sitios Web<\/h4>\n\n\n\n<p>Este Servicio puede contener v\u00ednculos a sitios de terceros o servicios que no son propiedad ni est\u00e1n bajo el control de NelsonRazo.Com\/branding.<\/p>\n\n\n\n<p>NelsonRazo.Com\/branding no tiene control sobre, ni asume responsabilidad por el contenido, las pol\u00edticas de privacidad o pr\u00e1cticas de cualquier sitio web o servicios de terceros. Tambi\u00e9n reconoces y aceptas que NelsonRazo.Com\/branding no es responsable ni puede ser culpado, directa o indirectamente, de cualquier da\u00f1o o p\u00e9rdida causadas o supuestamente causadas por o en conexi\u00f3n con el uso de cualquiera de esos contenidos o servicios disponibles en o a trav\u00e9s de cualquiera de esos sitios web o servicios.<\/p>\n\n\n\n<p>Recomiendo ampliamente leer los T\u00e9rminos de Uso, Condiciones y el Aviso de Privacidad de cualquier sitio web o servicio de terceros que visitas, o a los que puede llevarte este sitio web.<\/p>\n\n\n\n<h4 class=\"wp-block-heading\">Cancelaci\u00f3n<\/h4>\n\n\n\n<p>Puedo cancelar o suspender el acceso a este Servicio inmediatamente, sin notificaci\u00f3n previa o culpa, por cualquier raz\u00f3n, incluyendo sin limitaci\u00f3n si violas los T\u00e9rminos de Uso.<\/p>\n\n\n\n<p>Todas las previsiones de los T\u00e9rminos los cuales por su naturaleza deber\u00edan sobrevivir la cancelaci\u00f3n deben sobrevivir la cancelaci\u00f3n, incluyendo, sin limitaci\u00f3n, propiedades, negaciones de garant\u00eda, indemnizaci\u00f3n y limitaciones de responsabilidad.<\/p>\n\n\n\n<p>Despu\u00e9s de la cancelaci\u00f3n, tu derecho a usar el Servicio cesar\u00e1 inmediatamente. Si deseas terminar tu cuenta, simplemente puedes dejar de usar el Servicio.<\/p>\n\n\n\n<h4 class=\"wp-block-heading\">Leyes Gobernantes<\/h4>\n\n\n\n<p>Estos T\u00e9rminos deben ser gobernados e interpretados de acuerdo con las leyes de M\u00e9xico, sin consideraci\u00f3n de su conflicto de disposiciones legales.<\/p>\n\n\n\n<p>Nuestra incapacidad para hacer cumplir cualquier derecho o disposici\u00f3n de estas Condiciones no se considerar\u00e1 una renuncia a esos derechos. Si alguna disposici\u00f3n de estos T\u00e9rminos es considerada inv\u00e1lida o inaplicable por un tribunal, las restantes disposiciones de estos T\u00e9rminos permanecer\u00e1n vigentes. Estos T\u00e9rminos de Uso constituyen el acuerdo completo entre nosotros en relaci\u00f3n con este Servicio, y sustituyen y reemplazan cualquier acuerdo anterior que hayamos tenido en relaci\u00f3n con el Servicio.<\/p>\n\n\n\n<h4 class=\"wp-block-heading\">Cambios<\/h4>\n\n\n\n<p>Me reservo el derecho, a discreci\u00f3n propia, de modificar o reemplazar estos T\u00e9rminos en cualquier momento. Si una modificaci\u00f3n es material, se indicar\u00e1 en esta p\u00e1gina como aviso para que los nuevos T\u00e9rminos tomen efecto. Lo que constituya un cambio material ser\u00e1 determinado a mi propia discreci\u00f3n, por lo que recomiendo revisar peri\u00f3dicamente estos T\u00e9rminos de Uso.<\/p>\n\n\n\n<p>Al continuar accesando o utilizando nuestro Servicio despu\u00e9s de que las modificaciones se hagan efectivas, aceptas estar ligado a los T\u00e9rminos modificados. Si no aceptas los nuevos t\u00e9rminos, por favor deja de utilizar este Servicio.<\/p>\n\n\n\n<h4 class=\"wp-block-heading\">Cont\u00e1ctame<\/h4>\n\n\n\n<p>Si tienes cualquier duda sobre estos T\u00e9rminos, por favor <a href=\"https:\/\/nelsonrazo.com\/branding\/contacto\/\" data-type=\"page\" data-id=\"145\">cont\u00e1ctame<\/a>.<\/p>\n","protected":false},"excerpt":{"rendered":"<p>\u00daltima Actualizaci\u00f3n: 16 de enero de 2024. Favor de leer los T\u00e9rminos de Uso (los \u00abT\u00e9rminos\u00bb) cuidadosamente antes de usar el sitio web http:\/\/www.nelsonrazo.com\/branding (el \u00abServicio\u00bb) operado por Nelson Razo. Tu acceso y uso del Servicio est\u00e1 condicionado por tu aceptaci\u00f3n de los siguientes T\u00e9rminos. Estos t\u00e9rminos se aplican a todos los visitantes, usuarios y [&hellip;]<\/p>\n","protected":false},"author":3,"featured_media":0,"parent":0,"menu_order":0,"comment_status":"closed","ping_status":"closed","template":"","meta":{"_themeisle_gutenberg_block_has_review":false,"footnotes":""},"class_list":["post-643","page","type-page","status-publish","hentry"],"yoast_head":"<!-- This site is optimized with the Yoast SEO plugin v27.5 - https:\/\/yoast.com\/product\/yoast-seo-wordpress\/ -->\n<title>T\u00e9rminos de Uso - Nelson Razo | Branding Expert<\/title>\n<meta name=\"robots\" content=\"index, follow, max-snippet:-1, max-image-preview:large, max-video-preview:-1\" \/>\n<link rel=\"canonical\" href=\"https:\/\/nelsonrazo.com\/branding\/terminos-de-uso\/\" \/>\n<meta property=\"og:locale\" content=\"es_ES\" \/>\n<meta property=\"og:type\" content=\"article\" \/>\n<meta property=\"og:title\" content=\"T\u00e9rminos de Uso - Nelson Razo | Branding Expert\" \/>\n<meta property=\"og:description\" content=\"\u00daltima Actualizaci\u00f3n: 16 de enero de 2024. Favor de leer los T\u00e9rminos de Uso (los \u00abT\u00e9rminos\u00bb) cuidadosamente antes de usar el sitio web http:\/\/www.nelsonrazo.com\/branding (el \u00abServicio\u00bb) operado por Nelson Razo. Tu acceso y uso del Servicio est\u00e1 condicionado por tu aceptaci\u00f3n de los siguientes T\u00e9rminos. Estos t\u00e9rminos se aplican a todos los visitantes, usuarios y [&hellip;]\" \/>\n<meta property=\"og:url\" content=\"https:\/\/nelsonrazo.com\/branding\/terminos-de-uso\/\" \/>\n<meta property=\"og:site_name\" content=\"Nelson Razo | Branding Expert\" \/>\n<meta property=\"article:modified_time\" content=\"2024-01-17T04:18:04+00:00\" \/>\n<meta name=\"twitter:card\" content=\"summary_large_image\" \/>\n<meta name=\"twitter:label1\" content=\"Tiempo de lectura\" \/>\n\t<meta name=\"twitter:data1\" content=\"4 minutos\" \/>\n<script type=\"application\/ld+json\" class=\"yoast-schema-graph\">{\"@context\":\"https:\\\/\\\/schema.org\",\"@graph\":[{\"@type\":\"WebPage\",\"@id\":\"https:\\\/\\\/nelsonrazo.com\\\/branding\\\/terminos-de-uso\\\/\",\"url\":\"https:\\\/\\\/nelsonrazo.com\\\/branding\\\/terminos-de-uso\\\/\",\"name\":\"T\u00e9rminos de Uso - Nelson Razo | Branding Expert\",\"isPartOf\":{\"@id\":\"https:\\\/\\\/nelsonrazo.com\\\/branding\\\/#website\"},\"datePublished\":\"2016-03-30T20:37:08+00:00\",\"dateModified\":\"2024-01-17T04:18:04+00:00\",\"breadcrumb\":{\"@id\":\"https:\\\/\\\/nelsonrazo.com\\\/branding\\\/terminos-de-uso\\\/#breadcrumb\"},\"inLanguage\":\"es\",\"potentialAction\":[{\"@type\":\"ReadAction\",\"target\":[\"https:\\\/\\\/nelsonrazo.com\\\/branding\\\/terminos-de-uso\\\/\"]}]},{\"@type\":\"BreadcrumbList\",\"@id\":\"https:\\\/\\\/nelsonrazo.com\\\/branding\\\/terminos-de-uso\\\/#breadcrumb\",\"itemListElement\":[{\"@type\":\"ListItem\",\"position\":1,\"name\":\"Portada\",\"item\":\"https:\\\/\\\/nelsonrazo.com\\\/branding\\\/\"},{\"@type\":\"ListItem\",\"position\":2,\"name\":\"T\u00e9rminos de Uso\"}]},{\"@type\":\"WebSite\",\"@id\":\"https:\\\/\\\/nelsonrazo.com\\\/branding\\\/#website\",\"url\":\"https:\\\/\\\/nelsonrazo.com\\\/branding\\\/\",\"name\":\"Nelson Razo | Branding Expert\",\"description\":\"Experto en Branding y Marketing Digital\",\"publisher\":{\"@id\":\"https:\\\/\\\/nelsonrazo.com\\\/branding\\\/#\\\/schema\\\/person\\\/ceb6f312abbbc713f92923cc55955221\"},\"alternateName\":\"Nelson Razo | Experto en Branding\",\"potentialAction\":[{\"@type\":\"SearchAction\",\"target\":{\"@type\":\"EntryPoint\",\"urlTemplate\":\"https:\\\/\\\/nelsonrazo.com\\\/branding\\\/?s={search_term_string}\"},\"query-input\":{\"@type\":\"PropertyValueSpecification\",\"valueRequired\":true,\"valueName\":\"search_term_string\"}}],\"inLanguage\":\"es\"},{\"@type\":[\"Person\",\"Organization\"],\"@id\":\"https:\\\/\\\/nelsonrazo.com\\\/branding\\\/#\\\/schema\\\/person\\\/ceb6f312abbbc713f92923cc55955221\",\"name\":\"branding\",\"image\":{\"@type\":\"ImageObject\",\"inLanguage\":\"es\",\"@id\":\"https:\\\/\\\/nelsonrazo.com\\\/branding\\\/wp-content\\\/uploads\\\/sites\\\/3\\\/2024\\\/01\\\/nelsonrazo_branding.png\",\"url\":\"https:\\\/\\\/nelsonrazo.com\\\/branding\\\/wp-content\\\/uploads\\\/sites\\\/3\\\/2024\\\/01\\\/nelsonrazo_branding.png\",\"contentUrl\":\"https:\\\/\\\/nelsonrazo.com\\\/branding\\\/wp-content\\\/uploads\\\/sites\\\/3\\\/2024\\\/01\\\/nelsonrazo_branding.png\",\"width\":400,\"height\":97,\"caption\":\"branding\"},\"logo\":{\"@id\":\"https:\\\/\\\/nelsonrazo.com\\\/branding\\\/wp-content\\\/uploads\\\/sites\\\/3\\\/2024\\\/01\\\/nelsonrazo_branding.png\"}}]}<\/script>\n<!-- \/ Yoast SEO plugin. -->","yoast_head_json":{"title":"T\u00e9rminos de Uso - Nelson Razo | Branding Expert","robots":{"index":"index","follow":"follow","max-snippet":"max-snippet:-1","max-image-preview":"max-image-preview:large","max-video-preview":"max-video-preview:-1"},"canonical":"https:\/\/nelsonrazo.com\/branding\/terminos-de-uso\/","og_locale":"es_ES","og_type":"article","og_title":"T\u00e9rminos de Uso - Nelson Razo | Branding Expert","og_description":"\u00daltima Actualizaci\u00f3n: 16 de enero de 2024. Favor de leer los T\u00e9rminos de Uso (los \u00abT\u00e9rminos\u00bb) cuidadosamente antes de usar el sitio web http:\/\/www.nelsonrazo.com\/branding (el \u00abServicio\u00bb) operado por Nelson Razo. Tu acceso y uso del Servicio est\u00e1 condicionado por tu aceptaci\u00f3n de los siguientes T\u00e9rminos. Estos t\u00e9rminos se aplican a todos los visitantes, usuarios y [&hellip;]","og_url":"https:\/\/nelsonrazo.com\/branding\/terminos-de-uso\/","og_site_name":"Nelson Razo | Branding Expert","article_modified_time":"2024-01-17T04:18:04+00:00","twitter_card":"summary_large_image","twitter_misc":{"Tiempo de lectura":"4 minutos"},"schema":{"@context":"https:\/\/schema.org","@graph":[{"@type":"WebPage","@id":"https:\/\/nelsonrazo.com\/branding\/terminos-de-uso\/","url":"https:\/\/nelsonrazo.com\/branding\/terminos-de-uso\/","name":"T\u00e9rminos de Uso - Nelson Razo | Branding Expert","isPartOf":{"@id":"https:\/\/nelsonrazo.com\/branding\/#website"},"datePublished":"2016-03-30T20:37:08+00:00","dateModified":"2024-01-17T04:18:04+00:00","breadcrumb":{"@id":"https:\/\/nelsonrazo.com\/branding\/terminos-de-uso\/#breadcrumb"},"inLanguage":"es","potentialAction":[{"@type":"ReadAction","target":["https:\/\/nelsonrazo.com\/branding\/terminos-de-uso\/"]}]},{"@type":"BreadcrumbList","@id":"https:\/\/nelsonrazo.com\/branding\/terminos-de-uso\/#breadcrumb","itemListElement":[{"@type":"ListItem","position":1,"name":"Portada","item":"https:\/\/nelsonrazo.com\/branding\/"},{"@type":"ListItem","position":2,"name":"T\u00e9rminos de Uso"}]},{"@type":"WebSite","@id":"https:\/\/nelsonrazo.com\/branding\/#website","url":"https:\/\/nelsonrazo.com\/branding\/","name":"Nelson Razo | Branding Expert","description":"Experto en Branding y Marketing Digital","publisher":{"@id":"https:\/\/nelsonrazo.com\/branding\/#\/schema\/person\/ceb6f312abbbc713f92923cc55955221"},"alternateName":"Nelson Razo | Experto en Branding","potentialAction":[{"@type":"SearchAction","target":{"@type":"EntryPoint","urlTemplate":"https:\/\/nelsonrazo.com\/branding\/?s={search_term_string}"},"query-input":{"@type":"PropertyValueSpecification","valueRequired":true,"valueName":"search_term_string"}}],"inLanguage":"es"},{"@type":["Person","Organization"],"@id":"https:\/\/nelsonrazo.com\/branding\/#\/schema\/person\/ceb6f312abbbc713f92923cc55955221","name":"branding","image":{"@type":"ImageObject","inLanguage":"es","@id":"https:\/\/nelsonrazo.com\/branding\/wp-content\/uploads\/sites\/3\/2024\/01\/nelsonrazo_branding.png","url":"https:\/\/nelsonrazo.com\/branding\/wp-content\/uploads\/sites\/3\/2024\/01\/nelsonrazo_branding.png","contentUrl":"https:\/\/nelsonrazo.com\/branding\/wp-content\/uploads\/sites\/3\/2024\/01\/nelsonrazo_branding.png","width":400,"height":97,"caption":"branding"},"logo":{"@id":"https:\/\/nelsonrazo.com\/branding\/wp-content\/uploads\/sites\/3\/2024\/01\/nelsonrazo_branding.png"}}]}},"jetpack_shortlink":"https:\/\/wp.me\/PfweVl-an","jetpack_sharing_enabled":true,"_links":{"self":[{"href":"https:\/\/nelsonrazo.com\/branding\/wp-json\/wp\/v2\/pages\/643","targetHints":{"allow":["GET"]}}],"collection":[{"href":"https:\/\/nelsonrazo.com\/branding\/wp-json\/wp\/v2\/pages"}],"about":[{"href":"https:\/\/nelsonrazo.com\/branding\/wp-json\/wp\/v2\/types\/page"}],"author":[{"embeddable":true,"href":"https:\/\/nelsonrazo.com\/branding\/wp-json\/wp\/v2\/users\/3"}],"replies":[{"embeddable":true,"href":"https:\/\/nelsonrazo.com\/branding\/wp-json\/wp\/v2\/comments?post=643"}],"version-history":[{"count":2,"href":"https:\/\/nelsonrazo.com\/branding\/wp-json\/wp\/v2\/pages\/643\/revisions"}],"predecessor-version":[{"id":1330,"href":"https:\/\/nelsonrazo.com\/branding\/wp-json\/wp\/v2\/pages\/643\/revisions\/1330"}],"wp:attachment":[{"href":"https:\/\/nelsonrazo.com\/branding\/wp-json\/wp\/v2\/media?parent=643"}],"curies":[{"name":"wp","href":"https:\/\/api.w.org\/{rel}","templated":true}]}}