{"id":641,"date":"2016-03-30T11:54:37","date_gmt":"2016-03-30T19:54:37","guid":{"rendered":"http:\/\/localhost\/nelsonrazo\/?page_id=641"},"modified":"2024-01-19T08:13:52","modified_gmt":"2024-01-19T07:13:52","slug":"aviso-de-privacidad","status":"publish","type":"page","link":"https:\/\/nelsonrazo.com\/branding\/aviso-de-privacidad\/","title":{"rendered":"Aviso de Privacidad"},"content":{"rendered":"\n<p class=\"has-small-font-size\"><em>\u00daltima Actualizaci\u00f3n: 16 de Enero de 2024<\/em><\/p>\n\n\n\n<h3 class=\"wp-block-heading\">RESPONSABLE DEL TRATAMIENTO DE DATOS PERSONALES<\/h3>\n\n\n\n<p>Nelson Razo es (NelsonRazo.Com\/Branding) el responsable del tratamiento de los datos personales que proporciones, los cuales ser\u00e1n protegidos conforme a lo dispuesto por la Ley General de Protecci\u00f3n de Datos Personales en Posesi\u00f3n de Sujetos Obligados, y dem\u00e1s normatividad mexicana que resulte aplicable.<\/p>\n\n\n\n<h3 class=\"wp-block-heading\">FINALIDAD DEL TRATAMIENTO DE LOS DATOS PERSONALES<\/h3>\n\n\n\n<p>Los datos personales en posesi\u00f3n de NelsonRazo.Com\/Branding ser\u00e1n utilizados \u00fanicamente para: administrar los comentarios en las publicaciones en nuestro sitio web, para env\u00edo de boletines y comunicados sobre nuestra informaci\u00f3n publicada, y para evaluaciones de calidad y servicio.<\/p>\n\n\n\n<h3 class=\"wp-block-heading\">TRANSFERENCIA<\/h3>\n\n\n\n<p>NelsonRazo.Com puede transferir los datos personales en su posesi\u00f3n a terceros subcontratados o relacionados con la prestaci\u00f3n de servicios, solamente con el prop\u00f3sito de mejorar la calidad del servicio prestado por nuestro sitio web.<\/p>\n\n\n\n<h3 class=\"wp-block-heading\">USO DE COOKIES<\/h3>\n\n\n\n<p>Para la informaci\u00f3n que se obtiene mediante el sitio web se utilizan \u00abcookies\u00bb, los cuales son generados autom\u00e1ticamente y graban lo que podr\u00eda ser datos personales cuando se genera una conexi\u00f3n al sitio (enti\u00e9ndase por cookies los archivos de texto que son descargados autom\u00e1ticamente y almacenados en el disco duro del equipo de c\u00f3mputo del usuario al navegar la p\u00e1gina de internet espec\u00edfica, los cuales permiten grabar en el servidor de internet algunos datos), as\u00ed como tambi\u00e9n la recopilaci\u00f3n de los siguientes datos:<\/p>\n\n\n\n<ul class=\"wp-block-list\">\n<li>Tipo de navegador y sistema operativo<\/li>\n\n\n\n<li>Direcci\u00f3n de IP<\/li>\n\n\n\n<li>Fecha, hora y lugar de su visita.<\/li>\n<\/ul>\n\n\n\n<h3 class=\"wp-block-heading\">V\u00cdNCULOS EXTERNOS<\/h3>\n\n\n\n<p>Este sitio web contiene enlaces a otros sitios web de redes asociadas, filiales o terceros. Si usted accede a un hiperv\u00ednculo de esos sitios web, debe tener en cuenta lo especificado en nuestros <a href=\"https:\/\/nelsonrazo.com\/branding\/terminos-de-uso\/\" data-type=\"page\" data-id=\"643\">T\u00e9rminos de Uso<\/a>.<\/p>\n\n\n\n<h3 class=\"wp-block-heading\">MEDIOS PARA REVOCAR CONSENTIMIENTO<\/h3>\n\n\n\n<p>Puede revocar el consentimiento para tratar sus datos personales enviando su solicitud mediante la <a href=\"https:\/\/nelsonrazo.com\/branding\/contacto\/\" data-type=\"page\" data-id=\"145\">forma de contacto<\/a>, en la que se detalle claramente los datos respecto de los que revoca su consentimiento. Se considera que autoriza el uso de sus datos personales conforme a este aviso de privacidad, salvo comunicaci\u00f3n en contrario.<\/p>\n\n\n\n<h3 class=\"wp-block-heading\">DATOS PERSONALES DE MENORES DE EDAD Y PERSONAS QUE SE ENCUENTREN EN ESTADO DE INTERDICCI\u00d3N O INCAPACIDAD ESTABLECIDA POR LEY<\/h3>\n\n\n\n<p>Algunos de los datos que tratamos pueden incluir datos personales de menores de edad, personas que se encuentren en estado de interdicci\u00f3n o incapacidad establecida por ley. Para el tratamiento de dichos datos requerimos el consentimiento de los padres o tutores, de modo que no deben proporcionarnos dichos datos, y si lo han hecho es necesario que padre o tutor pida la remoci\u00f3n de dichos datos mediante mensaje a trav\u00e9s de la <a href=\"https:\/\/nelsonrazo.com\/branding\/contacto\/\" data-type=\"page\" data-id=\"145\">forma de contacto<\/a>. El ejercicio de los derechos de Acceso, Rectificaci\u00f3n Cancelaci\u00f3n y Oposici\u00f3n se puede llevar a cabo a trav\u00e9s de la persona que ejerza la patria potestad, tutela o representaci\u00f3n del incapaz.<\/p>\n\n\n\n<h3 class=\"wp-block-heading\">NOTIFICACI\u00d3N DE CAMBIOS AL AVISO DE PRIVACIDAD<\/h3>\n\n\n\n<p>En su caso, las modificaciones a este Aviso de Privacidad estar\u00e1n disponibles en esta misma p\u00e1gina, por lo que se recomienda revisar peri\u00f3dicamente, as\u00ed como los <a href=\"https:\/\/nelsonrazo.com\/branding\/terminos-de-uso\/\" data-type=\"page\" data-id=\"643\">T\u00e9rminos de Uso<\/a>.<\/p>\n","protected":false},"excerpt":{"rendered":"<p>\u00daltima Actualizaci\u00f3n: 16 de Enero de 2024 RESPONSABLE DEL TRATAMIENTO DE DATOS PERSONALES Nelson Razo es (NelsonRazo.Com\/Branding) el responsable del tratamiento de los datos personales que proporciones, los cuales ser\u00e1n protegidos conforme a lo dispuesto por la Ley General de Protecci\u00f3n de Datos Personales en Posesi\u00f3n de Sujetos Obligados, y dem\u00e1s normatividad mexicana que resulte [&hellip;]<\/p>\n","protected":false},"author":3,"featured_media":0,"parent":0,"menu_order":0,"comment_status":"closed","ping_status":"closed","template":"","meta":{"_themeisle_gutenberg_block_has_review":false,"footnotes":""},"class_list":["post-641","page","type-page","status-publish","hentry"],"yoast_head":"<!-- This site is optimized with the Yoast SEO plugin v27.5 - https:\/\/yoast.com\/product\/yoast-seo-wordpress\/ -->\n<title>Aviso de Privacidad - Nelson Razo | Branding Expert<\/title>\n<meta name=\"robots\" content=\"index, follow, max-snippet:-1, max-image-preview:large, max-video-preview:-1\" \/>\n<link rel=\"canonical\" href=\"https:\/\/nelsonrazo.com\/branding\/aviso-de-privacidad\/\" \/>\n<meta property=\"og:locale\" content=\"es_ES\" \/>\n<meta property=\"og:type\" content=\"article\" \/>\n<meta property=\"og:title\" content=\"Aviso de Privacidad - Nelson Razo | Branding Expert\" \/>\n<meta property=\"og:description\" content=\"\u00daltima Actualizaci\u00f3n: 16 de Enero de 2024 RESPONSABLE DEL TRATAMIENTO DE DATOS PERSONALES Nelson Razo es (NelsonRazo.Com\/Branding) el responsable del tratamiento de los datos personales que proporciones, los cuales ser\u00e1n protegidos conforme a lo dispuesto por la Ley General de Protecci\u00f3n de Datos Personales en Posesi\u00f3n de Sujetos Obligados, y dem\u00e1s normatividad mexicana que resulte [&hellip;]\" \/>\n<meta property=\"og:url\" content=\"https:\/\/nelsonrazo.com\/branding\/aviso-de-privacidad\/\" \/>\n<meta property=\"og:site_name\" content=\"Nelson Razo | Branding Expert\" \/>\n<meta property=\"article:modified_time\" content=\"2024-01-19T07:13:52+00:00\" \/>\n<meta name=\"twitter:card\" content=\"summary_large_image\" \/>\n<meta name=\"twitter:label1\" content=\"Tiempo de lectura\" \/>\n\t<meta name=\"twitter:data1\" content=\"3 minutos\" \/>\n<script type=\"application\/ld+json\" class=\"yoast-schema-graph\">{\"@context\":\"https:\\\/\\\/schema.org\",\"@graph\":[{\"@type\":\"WebPage\",\"@id\":\"https:\\\/\\\/nelsonrazo.com\\\/branding\\\/aviso-de-privacidad\\\/\",\"url\":\"https:\\\/\\\/nelsonrazo.com\\\/branding\\\/aviso-de-privacidad\\\/\",\"name\":\"Aviso de Privacidad - Nelson Razo | Branding Expert\",\"isPartOf\":{\"@id\":\"https:\\\/\\\/nelsonrazo.com\\\/branding\\\/#website\"},\"datePublished\":\"2016-03-30T19:54:37+00:00\",\"dateModified\":\"2024-01-19T07:13:52+00:00\",\"breadcrumb\":{\"@id\":\"https:\\\/\\\/nelsonrazo.com\\\/branding\\\/aviso-de-privacidad\\\/#breadcrumb\"},\"inLanguage\":\"es\",\"potentialAction\":[{\"@type\":\"ReadAction\",\"target\":[\"https:\\\/\\\/nelsonrazo.com\\\/branding\\\/aviso-de-privacidad\\\/\"]}]},{\"@type\":\"BreadcrumbList\",\"@id\":\"https:\\\/\\\/nelsonrazo.com\\\/branding\\\/aviso-de-privacidad\\\/#breadcrumb\",\"itemListElement\":[{\"@type\":\"ListItem\",\"position\":1,\"name\":\"Portada\",\"item\":\"https:\\\/\\\/nelsonrazo.com\\\/branding\\\/\"},{\"@type\":\"ListItem\",\"position\":2,\"name\":\"Aviso de Privacidad\"}]},{\"@type\":\"WebSite\",\"@id\":\"https:\\\/\\\/nelsonrazo.com\\\/branding\\\/#website\",\"url\":\"https:\\\/\\\/nelsonrazo.com\\\/branding\\\/\",\"name\":\"Nelson Razo | Branding Expert\",\"description\":\"Experto en Branding y Marketing Digital\",\"publisher\":{\"@id\":\"https:\\\/\\\/nelsonrazo.com\\\/branding\\\/#\\\/schema\\\/person\\\/ceb6f312abbbc713f92923cc55955221\"},\"alternateName\":\"Nelson Razo | Experto en Branding\",\"potentialAction\":[{\"@type\":\"SearchAction\",\"target\":{\"@type\":\"EntryPoint\",\"urlTemplate\":\"https:\\\/\\\/nelsonrazo.com\\\/branding\\\/?s={search_term_string}\"},\"query-input\":{\"@type\":\"PropertyValueSpecification\",\"valueRequired\":true,\"valueName\":\"search_term_string\"}}],\"inLanguage\":\"es\"},{\"@type\":[\"Person\",\"Organization\"],\"@id\":\"https:\\\/\\\/nelsonrazo.com\\\/branding\\\/#\\\/schema\\\/person\\\/ceb6f312abbbc713f92923cc55955221\",\"name\":\"branding\",\"image\":{\"@type\":\"ImageObject\",\"inLanguage\":\"es\",\"@id\":\"https:\\\/\\\/nelsonrazo.com\\\/branding\\\/wp-content\\\/uploads\\\/sites\\\/3\\\/2024\\\/01\\\/nelsonrazo_branding.png\",\"url\":\"https:\\\/\\\/nelsonrazo.com\\\/branding\\\/wp-content\\\/uploads\\\/sites\\\/3\\\/2024\\\/01\\\/nelsonrazo_branding.png\",\"contentUrl\":\"https:\\\/\\\/nelsonrazo.com\\\/branding\\\/wp-content\\\/uploads\\\/sites\\\/3\\\/2024\\\/01\\\/nelsonrazo_branding.png\",\"width\":400,\"height\":97,\"caption\":\"branding\"},\"logo\":{\"@id\":\"https:\\\/\\\/nelsonrazo.com\\\/branding\\\/wp-content\\\/uploads\\\/sites\\\/3\\\/2024\\\/01\\\/nelsonrazo_branding.png\"}}]}<\/script>\n<!-- \/ Yoast SEO plugin. -->","yoast_head_json":{"title":"Aviso de Privacidad - Nelson Razo | Branding Expert","robots":{"index":"index","follow":"follow","max-snippet":"max-snippet:-1","max-image-preview":"max-image-preview:large","max-video-preview":"max-video-preview:-1"},"canonical":"https:\/\/nelsonrazo.com\/branding\/aviso-de-privacidad\/","og_locale":"es_ES","og_type":"article","og_title":"Aviso de Privacidad - Nelson Razo | Branding Expert","og_description":"\u00daltima Actualizaci\u00f3n: 16 de Enero de 2024 RESPONSABLE DEL TRATAMIENTO DE DATOS PERSONALES Nelson Razo es (NelsonRazo.Com\/Branding) el responsable del tratamiento de los datos personales que proporciones, los cuales ser\u00e1n protegidos conforme a lo dispuesto por la Ley General de Protecci\u00f3n de Datos Personales en Posesi\u00f3n de Sujetos Obligados, y dem\u00e1s normatividad mexicana que resulte [&hellip;]","og_url":"https:\/\/nelsonrazo.com\/branding\/aviso-de-privacidad\/","og_site_name":"Nelson Razo | Branding Expert","article_modified_time":"2024-01-19T07:13:52+00:00","twitter_card":"summary_large_image","twitter_misc":{"Tiempo de lectura":"3 minutos"},"schema":{"@context":"https:\/\/schema.org","@graph":[{"@type":"WebPage","@id":"https:\/\/nelsonrazo.com\/branding\/aviso-de-privacidad\/","url":"https:\/\/nelsonrazo.com\/branding\/aviso-de-privacidad\/","name":"Aviso de Privacidad - Nelson Razo | Branding Expert","isPartOf":{"@id":"https:\/\/nelsonrazo.com\/branding\/#website"},"datePublished":"2016-03-30T19:54:37+00:00","dateModified":"2024-01-19T07:13:52+00:00","breadcrumb":{"@id":"https:\/\/nelsonrazo.com\/branding\/aviso-de-privacidad\/#breadcrumb"},"inLanguage":"es","potentialAction":[{"@type":"ReadAction","target":["https:\/\/nelsonrazo.com\/branding\/aviso-de-privacidad\/"]}]},{"@type":"BreadcrumbList","@id":"https:\/\/nelsonrazo.com\/branding\/aviso-de-privacidad\/#breadcrumb","itemListElement":[{"@type":"ListItem","position":1,"name":"Portada","item":"https:\/\/nelsonrazo.com\/branding\/"},{"@type":"ListItem","position":2,"name":"Aviso de Privacidad"}]},{"@type":"WebSite","@id":"https:\/\/nelsonrazo.com\/branding\/#website","url":"https:\/\/nelsonrazo.com\/branding\/","name":"Nelson Razo | Branding Expert","description":"Experto en Branding y Marketing Digital","publisher":{"@id":"https:\/\/nelsonrazo.com\/branding\/#\/schema\/person\/ceb6f312abbbc713f92923cc55955221"},"alternateName":"Nelson Razo | Experto en Branding","potentialAction":[{"@type":"SearchAction","target":{"@type":"EntryPoint","urlTemplate":"https:\/\/nelsonrazo.com\/branding\/?s={search_term_string}"},"query-input":{"@type":"PropertyValueSpecification","valueRequired":true,"valueName":"search_term_string"}}],"inLanguage":"es"},{"@type":["Person","Organization"],"@id":"https:\/\/nelsonrazo.com\/branding\/#\/schema\/person\/ceb6f312abbbc713f92923cc55955221","name":"branding","image":{"@type":"ImageObject","inLanguage":"es","@id":"https:\/\/nelsonrazo.com\/branding\/wp-content\/uploads\/sites\/3\/2024\/01\/nelsonrazo_branding.png","url":"https:\/\/nelsonrazo.com\/branding\/wp-content\/uploads\/sites\/3\/2024\/01\/nelsonrazo_branding.png","contentUrl":"https:\/\/nelsonrazo.com\/branding\/wp-content\/uploads\/sites\/3\/2024\/01\/nelsonrazo_branding.png","width":400,"height":97,"caption":"branding"},"logo":{"@id":"https:\/\/nelsonrazo.com\/branding\/wp-content\/uploads\/sites\/3\/2024\/01\/nelsonrazo_branding.png"}}]}},"jetpack_shortlink":"https:\/\/wp.me\/PfweVl-al","jetpack_sharing_enabled":true,"_links":{"self":[{"href":"https:\/\/nelsonrazo.com\/branding\/wp-json\/wp\/v2\/pages\/641","targetHints":{"allow":["GET"]}}],"collection":[{"href":"https:\/\/nelsonrazo.com\/branding\/wp-json\/wp\/v2\/pages"}],"about":[{"href":"https:\/\/nelsonrazo.com\/branding\/wp-json\/wp\/v2\/types\/page"}],"author":[{"embeddable":true,"href":"https:\/\/nelsonrazo.com\/branding\/wp-json\/wp\/v2\/users\/3"}],"replies":[{"embeddable":true,"href":"https:\/\/nelsonrazo.com\/branding\/wp-json\/wp\/v2\/comments?post=641"}],"version-history":[{"count":3,"href":"https:\/\/nelsonrazo.com\/branding\/wp-json\/wp\/v2\/pages\/641\/revisions"}],"predecessor-version":[{"id":1358,"href":"https:\/\/nelsonrazo.com\/branding\/wp-json\/wp\/v2\/pages\/641\/revisions\/1358"}],"wp:attachment":[{"href":"https:\/\/nelsonrazo.com\/branding\/wp-json\/wp\/v2\/media?parent=641"}],"curies":[{"name":"wp","href":"https:\/\/api.w.org\/{rel}","templated":true}]}}

<p class="has-small-font-size"><em>Última Actualización: 16 de Enero de 2024</em></p>



<h3 class="wp-block-heading">RESPONSABLE DEL TRATAMIENTO DE DATOS PERSONALES</h3>



<p>Nelson Razo es (NelsonRazo.Com/Branding) el responsable del tratamiento de los datos personales que proporciones, los cuales serán protegidos conforme a lo dispuesto por la Ley General de Protección de Datos Personales en Posesión de Sujetos Obligados, y demás normatividad mexicana que resulte aplicable.</p>



<h3 class="wp-block-heading">FINALIDAD DEL TRATAMIENTO DE LOS DATOS PERSONALES</h3>



<p>Los datos personales en posesión de NelsonRazo.Com/Branding serán utilizados únicamente para: administrar los comentarios en las publicaciones en nuestro sitio web, para envío de boletines y comunicados sobre nuestra información publicada, y para evaluaciones de calidad y servicio.</p>



<h3 class="wp-block-heading">TRANSFERENCIA</h3>



<p>NelsonRazo.Com puede transferir los datos personales en su posesión a terceros subcontratados o relacionados con la prestación de servicios, solamente con el propósito de mejorar la calidad del servicio prestado por nuestro sitio web.</p>



<h3 class="wp-block-heading">USO DE COOKIES</h3>



<p>Para la información que se obtiene mediante el sitio web se utilizan «cookies», los cuales son generados automáticamente y graban lo que podría ser datos personales cuando se genera una conexión al sitio (entiéndase por cookies los archivos de texto que son descargados automáticamente y almacenados en el disco duro del equipo de cómputo del usuario al navegar la página de internet específica, los cuales permiten grabar en el servidor de internet algunos datos), así como también la recopilación de los siguientes datos:</p>



<ul class="wp-block-list">
<li>Tipo de navegador y sistema operativo</li>



<li>Dirección de IP</li>



<li>Fecha, hora y lugar de su visita.</li>
</ul>



<h3 class="wp-block-heading">VÍNCULOS EXTERNOS</h3>



<p>Este sitio web contiene enlaces a otros sitios web de redes asociadas, filiales o terceros. Si usted accede a un hipervínculo de esos sitios web, debe tener en cuenta lo especificado en nuestros <a href="https://nelsonrazo.com/branding/terminos-de-uso/" data-type="page" data-id="643">Términos de Uso</a>.</p>



<h3 class="wp-block-heading">MEDIOS PARA REVOCAR CONSENTIMIENTO</h3>



<p>Puede revocar el consentimiento para tratar sus datos personales enviando su solicitud mediante la <a href="https://nelsonrazo.com/branding/contacto/" data-type="page" data-id="145">forma de contacto</a>, en la que se detalle claramente los datos respecto de los que revoca su consentimiento. Se considera que autoriza el uso de sus datos personales conforme a este aviso de privacidad, salvo comunicación en contrario.</p>



<h3 class="wp-block-heading">DATOS PERSONALES DE MENORES DE EDAD Y PERSONAS QUE SE ENCUENTREN EN ESTADO DE INTERDICCIÓN O INCAPACIDAD ESTABLECIDA POR LEY</h3>



<p>Algunos de los datos que tratamos pueden incluir datos personales de menores de edad, personas que se encuentren en estado de interdicción o incapacidad establecida por ley. Para el tratamiento de dichos datos requerimos el consentimiento de los padres o tutores, de modo que no deben proporcionarnos dichos datos, y si lo han hecho es necesario que padre o tutor pida la remoción de dichos datos mediante mensaje a través de la <a href="https://nelsonrazo.com/branding/contacto/" data-type="page" data-id="145">forma de contacto</a>. El ejercicio de los derechos de Acceso, Rectificación Cancelación y Oposición se puede llevar a cabo a través de la persona que ejerza la patria potestad, tutela o representación del incapaz.</p>



<h3 class="wp-block-heading">NOTIFICACIÓN DE CAMBIOS AL AVISO DE PRIVACIDAD</h3>



<p>En su caso, las modificaciones a este Aviso de Privacidad estarán disponibles en esta misma página, por lo que se recomienda revisar periódicamente, así como los <a href="https://nelsonrazo.com/branding/terminos-de-uso/" data-type="page" data-id="643">Términos de Uso</a>.</p>

<p>Última Actualización: 16 de Enero de 2024 RESPONSABLE DEL TRATAMIENTO DE DATOS PERSONALES Nelson Razo es (NelsonRazo.Com/Branding) el responsable del tratamiento de los datos personales que proporciones, los cuales serán protegidos conforme a lo dispuesto por la Ley General de Protección de Datos Personales en Posesión de Sujetos Obligados, y demás normatividad mexicana que resulte [&hellip;]</p>

<!-- This site is optimized with the Yoast SEO plugin v27.5 - https://yoast.com/product/yoast-seo-wordpress/ -->
<title>Aviso de Privacidad - Nelson Razo | Branding Expert</title>
<meta name="robots" content="index, follow, max-snippet:-1, max-image-preview:large, max-video-preview:-1" />
<link rel="canonical" href="https://nelsonrazo.com/branding/aviso-de-privacidad/" />
<meta property="og:locale" content="es_ES" />
<meta property="og:type" content="article" />
<meta property="og:title" content="Aviso de Privacidad - Nelson Razo | Branding Expert" />
<meta property="og:description" content="Última Actualización: 16 de Enero de 2024 RESPONSABLE DEL TRATAMIENTO DE DATOS PERSONALES Nelson Razo es (NelsonRazo.Com/Branding) el responsable del tratamiento de los datos personales que proporciones, los cuales serán protegidos conforme a lo dispuesto por la Ley General de Protección de Datos Personales en Posesión de Sujetos Obligados, y demás normatividad mexicana que resulte [&hellip;]" />
<meta property="og:url" content="https://nelsonrazo.com/branding/aviso-de-privacidad/" />
<meta property="og:site_name" content="Nelson Razo | Branding Expert" />
<meta property="article:modified_time" content="2024-01-19T07:13:52+00:00" />
<meta name="twitter:card" content="summary_large_image" />
<meta name="twitter:label1" content="Tiempo de lectura" />
	<meta name="twitter:data1" content="3 minutos" />
<script type="application/ld+json" class="yoast-schema-graph">{"@context":"https:\/\/schema.org","@graph":[{"@type":"WebPage","@id":"https:\/\/nelsonrazo.com\/branding\/aviso-de-privacidad\/","url":"https:\/\/nelsonrazo.com\/branding\/aviso-de-privacidad\/","name":"Aviso de Privacidad - Nelson Razo | Branding Expert","isPartOf":{"@id":"https:\/\/nelsonrazo.com\/branding\/#website"},"datePublished":"2016-03-30T19:54:37+00:00","dateModified":"2024-01-19T07:13:52+00:00","breadcrumb":{"@id":"https:\/\/nelsonrazo.com\/branding\/aviso-de-privacidad\/#breadcrumb"},"inLanguage":"es","potentialAction":[{"@type":"ReadAction","target":["https:\/\/nelsonrazo.com\/branding\/aviso-de-privacidad\/"]}]},{"@type":"BreadcrumbList","@id":"https:\/\/nelsonrazo.com\/branding\/aviso-de-privacidad\/#breadcrumb","itemListElement":[{"@type":"ListItem","position":1,"name":"Portada","item":"https:\/\/nelsonrazo.com\/branding\/"},{"@type":"ListItem","position":2,"name":"Aviso de Privacidad"}]},{"@type":"WebSite","@id":"https:\/\/nelsonrazo.com\/branding\/#website","url":"https:\/\/nelsonrazo.com\/branding\/","name":"Nelson Razo | Branding Expert","description":"Experto en Branding y Marketing Digital","publisher":{"@id":"https:\/\/nelsonrazo.com\/branding\/#\/schema\/person\/ceb6f312abbbc713f92923cc55955221"},"alternateName":"Nelson Razo | Experto en Branding","potentialAction":[{"@type":"SearchAction","target":{"@type":"EntryPoint","urlTemplate":"https:\/\/nelsonrazo.com\/branding\/?s={search_term_string}"},"query-input":{"@type":"PropertyValueSpecification","valueRequired":true,"valueName":"search_term_string"}}],"inLanguage":"es"},{"@type":["Person","Organization"],"@id":"https:\/\/nelsonrazo.com\/branding\/#\/schema\/person\/ceb6f312abbbc713f92923cc55955221","name":"branding","image":{"@type":"ImageObject","inLanguage":"es","@id":"https:\/\/nelsonrazo.com\/branding\/wp-content\/uploads\/sites\/3\/2024\/01\/nelsonrazo_branding.png","url":"https:\/\/nelsonrazo.com\/branding\/wp-content\/uploads\/sites\/3\/2024\/01\/nelsonrazo_branding.png","contentUrl":"https:\/\/nelsonrazo.com\/branding\/wp-content\/uploads\/sites\/3\/2024\/01\/nelsonrazo_branding.png","width":400,"height":97,"caption":"branding"},"logo":{"@id":"https:\/\/nelsonrazo.com\/branding\/wp-content\/uploads\/sites\/3\/2024\/01\/nelsonrazo_branding.png"}}]}</script>
<!-- / Yoast SEO plugin. -->

Última Actualización: 16 de Enero de 2024 RESPONSABLE DEL TRATAMIENTO DE DATOS PERSONALES Nelson Razo es (NelsonRazo.Com/Branding) el responsable del tratamiento de los datos personales que proporciones, los cuales serán protegidos conforme a lo dispuesto por la Ley General de Protección de Datos Personales en Posesión de Sujetos Obligados, y demás normatividad mexicana que resulte [&hellip;]
